= 1347 + m. What are the prime factors of c?
3, 281
Suppose 12*w = 11*w + 3672. List the prime factors of 2/(6/w*8).
3, 17
Let b(h) = 2*h**2 - 9*h + 6. Let k be b(4). Suppose 0 = -5*c - 2*q + 3755, q + 3770 = k*c + 3*c. Suppose -5*p - 273 + c = 0. List the prime factors of p.
2, 3
Let q = 3088 - -8965. What are the prime factors of q?
17, 709
Suppose 11 = 4*j + 11. Let m(y) = -2*y**3 + 3*y**2 - y - 100. Let p(r) = r**3 - r**2. Let d(l) = -m(l) - 3*p(l). List the prime factors of d(j).
2, 5
Let p(b) = 0*b**2 - 65 + b**2 + 65. Let w(u) = 3*u**2 - 6*u + 11. Let t(z) = 4*p(z) - w(z). What are the prime factors of t(7)?
2, 5
Let k(w) = -2*w**2 - 29*w - 12. Let p be k(-14). What are the prime factors of p*(178 - 4/2)?
2, 11
Suppose 15*r - 8*r = -112. List the prime factors of (-1794)/r + (-62)/496.
2, 7
Suppose 3*n = -5*z + 2767, 3682 = 4*n + 3*z - 0*z. Suppose 0 = 4*j - 649 - n. List the prime factors of j.
2, 7
Suppose 6 = -0*b + 3*b. Let z be -6*3/(-9) - b. Suppose z*j - 21 = -j. List the prime factors of j.
3, 7
Let o(z) = -z**3 - 7*z**2 - 73*z - 149. List the prime factors of o(-23).
2, 19, 263
Let v be (-4)/(-6) + (-534)/(-9)*1. Suppose -v = 5*z - 0*z. Let h = 64 + z. What are the prime factors of h?
2, 13
Let i = 351 + -597. Let t = 79 - i. Suppose -2*a - 3*g = -2*g - t, -2*g = a - 158. List the prime factors of a.
2, 41
Let x(m) = 206*m**2 + 8*m - 5. List the prime factors of x(7).
5, 2029
Suppose 235 = -2*i + 85. Let j = i - -1273. List the prime factors of j.
2, 599
Suppose 0 = 4*d + 7 - 3. Let l(n) = 165*n**2 + 2*n + 1. Let c be l(d). Suppose h = 2*o - 4*o + c, 4*o = -3*h + 490. List the prime factors of h.
2, 3
Suppose -184*b + 32734 = -182*b. What are the prime factors of b?
13, 1259
Let r(m) = 9*m**3 + 17*m**2 - 9*m + 13. Let g(w) = 5*w**3 + 9*w**2 - 4*w + 7. Let u = -39 + 33. Let s(l) = u*r(l) + 11*g(l). List the prime factors of s(5).
3, 11
Let b = -44 - -44. Suppose b = s + 2*k - 11, 4*k + 19 - 6 = 5*s. Suppose s*o + 105 = -v + 2*v, 87 = v + o. What are the prime factors of v?
2, 3, 5
Let p(l) = 3*l**2 + 12*l - 13. Let x be p(-5). Suppose -4*c + y = -3995, -5*c + 197 = x*y - 4787. List the prime factors of c.
2, 499
Let s(p) = 1398*p + 4156. What are the prime factors of s(28)?
2, 5, 433
Let i be 4 + 2 - (7 + -4). Suppose 11*t + 12 = 8*t, -4*x = -i*t - 640. What are the prime factors of x?
157
Let m(c) = 13*c + 4. Let i be m(-1). List the prime factors of (1/i)/(-1) - 1398018/(-1107).
3, 421
Suppose 8 = 4*k + 5*o, 0 = -2*k + 4*o + 6 - 2. Let d(c) = 0*c**2 + 12*c - 3*c**k + 15 + 4*c**2 + 13. What are the prime factors of d(-13)?
41
Suppose 2*m + 5*h = 12, 2*m = 3*m + 3*h - 6. Let a be ((-1)/(-2))/(-1) + m/4. Let t(x) = 40*x**3 + 3*x - 2. List the prime factors of t(a).
41
Let r = -180 - -1195. Suppose 0 = -4*g + r + 17. What are the prime factors of g?
2, 3, 43
Let f be 1148 + -8*1/2. Let m = 1651 - f. List the prime factors of m.
3, 13
Let m = 150464 + -102219. List the prime factors of m.
5, 9649
Let x = -69 - -65. Let z(f) = -f**3 - 6*f**2 - 7*f + 6. Let q be z(x). Suppose 31 + 297 = q*v. List the prime factors of v.
2, 41
Let k(t) = -t - 4. Let v be k(-13). Suppose -14*w + 1800 = -v*w - s, 3*s = -w + 360. What are the prime factors of w?
2, 3, 5
Suppose 5*s + 0*u + 4*u - 34 = 0, 2*s - 11 = u. Let y(x) = 38*x - 43*x - 33 + 28*x. List the prime factors of y(s).
3, 5, 7
Suppose 3*a + 207 = 2*m + 3*m, 2*m - 74 = -a. List the prime factors of 3052/(-42)*(2 + m/(-6)).
3, 109
Let r = 545 - 545. Suppose 5*c = -2*w + 1109, -2*w + 1099 = -r*w + 3*c. What are the prime factors of w?
2, 271
Let c = 74 - 68. Suppose c = -f + 1022. List the prime factors of (f/(-12))/((-6)/9).
127
Let q = 5278 - -18526. List the prime factors of q.
2, 11, 541
Let k(d) = d**3 - 8*d**2 - 8*d - 7. Let g be k(9). Let w be g/(-18) + 84/27. Suppose 0*f - 206 = -f - r, -w*r - 990 = -5*f. List the prime factors of f.
3, 67
Let i = 24886 + -12767. List the prime factors of i.
12119
Let p be (-2)/(-12) + (-750)/(-36). Let x be p/(-6)*(-24)/21. Suppose x*h - 143 = 3*h. What are the prime factors of h?
11, 13
Let a be 4/((12/4)/21). What are the prime factors of ((-870)/(-35))/(2/a)?
2, 3, 29
Let x(h) be the second derivative of -h**4/4 - 3*h**3/2 - 3*h**2 + 8*h. Let z be x(-5). Let u = z - -50. List the prime factors of u.
2, 7
Suppose 0 = -5*p - p + 54. Let k be (-2 + 3)*27*p. Suppose -4*l = -l - d - k, 3*l = 5*d + 231. What are the prime factors of l?
2, 41
Let i(h) = 276*h**2 - 198*h - 23. What are the prime factors of i(7)?
5, 2423
Let d(p) = 702*p - 699. What are the prime factors of d(23)?
3, 19, 271
Let y = -11607 - -21950. List the prime factors of y.
10343
Suppose -102628 - 2030177 = -85*u + 71755. What are the prime factors of u?
2, 1621
Let y be 186/38 - 34/(-323). Suppose 5*r - 5*v - 1440 = 0, 0*r = -y*r + 4*v + 1440. List the prime factors of r.
2, 3
Let y = 81 + 11. Let n(q) = q**2 - 3*q - 5. Let m be n(8). Suppose y = 39*u - m*u. What are the prime factors of u?
23
Suppose -l + 8*l = 28469. Suppose -5*w + 1613 = 2*i, -7*i + 2*i - w = -l. What are the prime factors of i?
2, 11, 37
Let x be (3444 - 0) + (41 - 50). Let m = -1431 + x. List the prime factors of m.
2, 3, 167
Let k(r) = 24*r - 7. Let l be k(-3). Let g = -77 - l. Suppose 3*q + g*q - 3*m - 803 = 0, 0 = -q + m + 159. What are the prime factors of q?
163
Suppose 7*o - 3*o + 2*u - 78 = 0, -2*u = 3*o - 58. Suppose -2*t - o = -24. Suppose -t*a + 4*q = -190, -3*q - 99 = a - 2*a. List the prime factors of a.
3, 29
Let a(b) = 216*b + 33. Let t = 324 - 323. What are the prime factors of a(t)?
3, 83
Let v(b) = -2*b + 20. Let p be v(5). Suppose -12*z = -p*z - 130. What are the prime factors of z?
5, 13
Let i = 164 - -251. Suppose -2*s - 61 + i = 0. List the prime factors of s.
3, 59
List the prime factors of 426*(145/1305)/((-1)/(-633)).
2, 71, 211
Let y(f) = 9*f - 37. Let s be y(4). What are the prime factors of 8/18 + s + 66303/81?
2, 409
Let k(t) = -2*t**3 - 27*t**2 - 25*t + 6. Let d be k(-14). Suppose 5*g = -3*f + d, 14 = -3*g + 23. What are the prime factors of f?
179
Let i be (141532/(-410))/((-4)/10). Let o = i - 609. List the prime factors of o.
2, 127
Let l be (-6 - -12) + (-6 - -2). Let k(o) = -o + 7. Let z be k(5). Suppose -2*j - 5*y = z*j - 679, 4*j = l*y + 714. What are the prime factors of j?
2, 11
Let v be 4/1 + 0 - 1. Suppose 1159 = 2*w - 1041. Suppose v*d - 14*d = -w. What are the prime factors of d?
2, 5
Let j(m) = 3*m - 9. Let l(x) be the first derivative of -3*x**2/2 - 13*x - 15. Let p be l(-12). List the prime factors of j(p).
2, 3, 5
Let v(r) = -2*r - 2. Let l(t) = 3*t**2 - 14*t - 41. Let n(d) = l(d) + 6*v(d). List the prime factors of n(-2).
11
Suppose 0 = 12*h + 10 - 22. List the prime factors of -1 + (-8288)/(-6 - h).
7, 13
Suppose -4*b - 8 = 2*v - 30, 0 = 2*v + b - 13. Suppose -8 = -v*c - 4*w + 525, 5*c = -5*w + 535. List the prime factors of c.
3, 5, 7
Suppose -g = 3*j - 15, 0*g - 5*g = -2*j + 27. Suppose -12 = 3*b - j*b. Suppose 0*f + f + 654 = 3*k, 5*f - 853 = -b*k. List the prime factors of k.
7, 31
What are the prime factors of 87590/6 + (-411)/1233?
2, 3, 811
Let u = -2228 + 3251. Suppose -x = 3*m - u, 5*x - 1 = -16. What are the prime factors of m?
2, 3, 19
Let x be (-29)/87 + (-16)/(-3). Suppose -r - 2*b = r - 1118, 4*b - 2799 = -x*r. List the prime factors of r.
563
Let h = 169 - 162. Let m(d) = 2*d**2 - d - 62. What are the prime factors of m(h)?
29
Let m = -4997 + 6184. List the prime factors of m.
1187
Let b(h) = -186*h - 4. Let w = 58 - 64. Let k(p) = p**2 + 7*p + 5. Let z be k(w). What are the prime factors of b(z)?
2, 7, 13
List the prime factors of 2402*((-1001)/14)/(-11).
13, 1201
Let d be (-3 - (-114)/14) + 2/(-14). Let w(v) = 7*v**2 + 7*v + 17. Let t be w(d). Let s = -129 + t. What are the prime factors of s?
2, 7
Let l = -10 - -27. Suppose 0 = -l*z + 28*z - 5401. List the prime factors of z.
491
Let o(y) = -y**3 - 7*y**2 + 8*y - 8. Let h be o(-8). Let f(t) be the first derivative of t**3/3 - 3*t**2 + 9*t + 445. What are the prime factors of f(h)?
11
Let i(p) = 7*p**2 + 134*p + 108. What are the prime factors of i(28)?
2, 3, 19, 41
Let h(v) = 599*v**2 + 89*v - 433. What are the prime factors of h(6)?
5, 7, 619
Suppose -931 = -7*o - 252. Let w = o + -95. Suppos